{"id":58,"date":"2021-02-26T13:53:12","date_gmt":"2021-02-26T12:53:12","guid":{"rendered":"https:\/\/ini.hu-berlin.de\/hiskom\/wordpress\/?page_id=58"},"modified":"2026-04-02T15:19:35","modified_gmt":"2026-04-02T13:19:35","slug":"lesezeichen-10-mai","status":"publish","type":"page","link":"https:\/\/ini.hu-berlin.de\/hiskom\/lesezeichen-10-mai\/","title":{"rendered":"Lesezeichen 10. Mai"},"content":{"rendered":"\n<p>Seit mehr als zwanzig Jahren widmet sich die HumboldtInitiative (HU-I) der historischen Aufarbeitung der B\u00fccherverbrennung in Berlin, die am 10. Mai 1933 gegen\u00fcber dem Hauptgeb\u00e4ude der damaligen Friedrich-Wilhelms-Universit\u00e4t \u00f6ffentlichkeitswirksam inszeniert wurde. An der Humboldt-Universit\u00e4t wurde die B\u00fccherverbrennung in der eigenen Geschichtsschreibung lange nur wenig ber\u00fccksichtigt, was ab Anfang der 2000er Jahre die Stiftungsinitiative 10. Mai, aus der dann die HU-I hervorging, zu \u00e4ndern suchte. Die HisKom unterst\u00fctzt dieses Engagement und beteiligt sich unter anderem an der Realisierung der regelm\u00e4\u00dfigen Veranstaltung &#8222;Lesezeichen 10. Mai&#8220;, die jeweils zum Jahrestag in Form einer wissenschaftlich-k\u00fcnstlerischen Soir\u00e9e den Themenkomplex B\u00fccherverbrennung in den Fokus r\u00fcckt.<\/p>\n\n\n\n<p>Einige Veranstaltungen aus der Reihe sind in unserem <a href=\"https:\/\/ini.hu-berlin.de\/hiskom\/blog\/\" data-type=\"page\" data-id=\"8\">Blog<\/a> dokumentiert, unter anderem<\/p>\n\n\n\n<ul class=\"wp-block-list\">\n<li><a href=\"https:\/\/ini.hu-berlin.de\/hiskom\/2025\/05\/lesezeichen-10-mai-2025\/\" data-type=\"post\" data-id=\"1253\" target=\"_blank\" rel=\"noreferrer noopener\">Lesezeichen 10. Mai 2025<\/a><\/li>\n\n\n\n<li><a href=\"https:\/\/ini.hu-berlin.de\/hiskom\/lesezeichen-10-mai-2023\/\" data-type=\"page\" data-id=\"711\">Lesezeichen 10. Mai 2023<\/a><\/li>\n\n\n\n<li><a href=\"https:\/\/ini.hu-berlin.de\/hiskom\/2018\/03\/lesezeichen-10-mai-2018\/\">Lesezeichen 10. Mai 2018: &#8222;Verbrennt, was euch schwach macht&#8220;<\/a><\/li>\n\n\n\n<li><a href=\"https:\/\/ini.hu-berlin.de\/hiskom\/2017\/03\/buchvorstellung-und-lesung-saul-ascher-berliner-aufklaerer\/\">Buchvorstellung und Lesung: \u201eSaul Ascher. Berliner Aufkl\u00e4rer\u201c<\/a> <\/li>\n\n\n\n<li><a href=\"https:\/\/ini.hu-berlin.de\/hiskom\/2017\/03\/lesezeichen-10-mai-2017\/\">Lesezeichen 10. Mai 2017: &#8222;Fragmente einer Aufarbeitung&#8220;<\/a><\/li>\n\n\n\n<li><a href=\"https:\/\/ini.hu-berlin.de\/hiskom\/2016\/03\/lesezeichen-10-mai-2016-berliner-spuren\/\">Lesezeichen 10. Mai 2016: &#8222;Berliner Spuren&#8220;<\/a><\/li>\n\n\n\n<li><a href=\"https:\/\/ini.hu-berlin.de\/hiskom\/2013\/05\/lesezeichen-10-mai-2013\/\">Lesezeichen 10. Mai 2013<\/a><\/li>\n<\/ul>\n\n\n\n<p> Unter <a href=\"https:\/\/ini.hu-berlin.de\/hiskom\/ausstellungen\/\" data-type=\"page\" data-id=\"42\">Ausstellungen<\/a> finden sich entsprechende Projekte, die gemeinsam mit der HisKom realisiert worden bzw. derzeit geplant sind.<\/p>\n\n\n\n<p><\/p>\n","protected":false},"excerpt":{"rendered":"<p>Seit mehr als zwanzig Jahren widmet sich die HumboldtInitiative (HU-I) der historischen Aufarbeitung der B\u00fccherverbrennung in Berlin, die am 10. Mai 1933 gegen\u00fcber dem Hauptgeb\u00e4ude der damaligen Friedrich-Wilhelms-Universit\u00e4t \u00f6ffentlichkeitswirksam inszeniert wurde. An der Humboldt-Universit\u00e4t wurde die B\u00fccherverbrennung in der eigenen Geschichtsschreibung lange nur wenig ber\u00fccksichtigt, was ab Anfang der 2000er Jahre die Stiftungsinitiative 10. Mai,&hellip;&nbsp;<a href=\"https:\/\/ini.hu-berlin.de\/hiskom\/lesezeichen-10-mai\/\" rel=\"bookmark\">Weiterlesen &raquo;<span class=\"screen-reader-text\">Lesezeichen 10. Mai<\/span><\/a><\/p>\n","protected":false},"author":1,"featured_media":0,"parent":0,"menu_order":0,"comment_status":"closed","ping_status":"closed","template":"","meta":{"neve_meta_sidebar":"full-width","neve_meta_container":"","neve_meta_enable_content_width":"on","neve_meta_content_width":100,"neve_meta_title_alignment":"","neve_meta_author_avatar":"","neve_post_elements_order":"","neve_meta_disable_header":"","neve_meta_disable_footer":"","neve_meta_disable_title":"","footnotes":""},"class_list":["post-58","page","type-page","status-publish","hentry"],"_links":{"self":[{"href":"https:\/\/ini.hu-berlin.de\/hiskom\/wp-json\/wp\/v2\/pages\/58","targetHints":{"allow":["GET"]}}],"collection":[{"href":"https:\/\/ini.hu-berlin.de\/hiskom\/wp-json\/wp\/v2\/pages"}],"about":[{"href":"https:\/\/ini.hu-berlin.de\/hiskom\/wp-json\/wp\/v2\/types\/page"}],"author":[{"embeddable":true,"href":"https:\/\/ini.hu-berlin.de\/hiskom\/wp-json\/wp\/v2\/users\/1"}],"replies":[{"embeddable":true,"href":"https:\/\/ini.hu-berlin.de\/hiskom\/wp-json\/wp\/v2\/comments?post=58"}],"version-history":[{"count":11,"href":"https:\/\/ini.hu-berlin.de\/hiskom\/wp-json\/wp\/v2\/pages\/58\/revisions"}],"predecessor-version":[{"id":1399,"href":"https:\/\/ini.hu-berlin.de\/hiskom\/wp-json\/wp\/v2\/pages\/58\/revisions\/1399"}],"wp:attachment":[{"href":"https:\/\/ini.hu-berlin.de\/hiskom\/wp-json\/wp\/v2\/media?parent=58"}],"curies":[{"name":"wp","href":"https:\/\/api.w.org\/{rel}","templated":true}]}}

<p>Seit mehr als zwanzig Jahren widmet sich die HumboldtInitiative (HU-I) der historischen Aufarbeitung der Bücherverbrennung in Berlin, die am 10. Mai 1933 gegenüber dem Hauptgebäude der damaligen Friedrich-Wilhelms-Universität öffentlichkeitswirksam inszeniert wurde. An der Humboldt-Universität wurde die Bücherverbrennung in der eigenen Geschichtsschreibung lange nur wenig berücksichtigt, was ab Anfang der 2000er Jahre die Stiftungsinitiative 10. Mai, aus der dann die HU-I hervorging, zu ändern suchte. Die HisKom unterstützt dieses Engagement und beteiligt sich unter anderem an der Realisierung der regelmäßigen Veranstaltung &#8222;Lesezeichen 10. Mai&#8220;, die jeweils zum Jahrestag in Form einer wissenschaftlich-künstlerischen Soirée den Themenkomplex Bücherverbrennung in den Fokus rückt.</p>



<p>Einige Veranstaltungen aus der Reihe sind in unserem <a href="https://ini.hu-berlin.de/hiskom/blog/" data-type="page" data-id="8">Blog</a> dokumentiert, unter anderem</p>



<ul class="wp-block-list">
<li><a href="https://ini.hu-berlin.de/hiskom/2025/05/lesezeichen-10-mai-2025/" data-type="post" data-id="1253" target="_blank" rel="noreferrer noopener">Lesezeichen 10. Mai 2025</a></li>



<li><a href="https://ini.hu-berlin.de/hiskom/lesezeichen-10-mai-2023/" data-type="page" data-id="711">Lesezeichen 10. Mai 2023</a></li>



<li><a href="https://ini.hu-berlin.de/hiskom/2018/03/lesezeichen-10-mai-2018/">Lesezeichen 10. Mai 2018: &#8222;Verbrennt, was euch schwach macht&#8220;</a></li>



<li><a href="https://ini.hu-berlin.de/hiskom/2017/03/buchvorstellung-und-lesung-saul-ascher-berliner-aufklaerer/">Buchvorstellung und Lesung: „Saul Ascher. Berliner Aufklärer“</a> </li>



<li><a href="https://ini.hu-berlin.de/hiskom/2017/03/lesezeichen-10-mai-2017/">Lesezeichen 10. Mai 2017: &#8222;Fragmente einer Aufarbeitung&#8220;</a></li>



<li><a href="https://ini.hu-berlin.de/hiskom/2016/03/lesezeichen-10-mai-2016-berliner-spuren/">Lesezeichen 10. Mai 2016: &#8222;Berliner Spuren&#8220;</a></li>



<li><a href="https://ini.hu-berlin.de/hiskom/2013/05/lesezeichen-10-mai-2013/">Lesezeichen 10. Mai 2013</a></li>
</ul>



<p> Unter <a href="https://ini.hu-berlin.de/hiskom/ausstellungen/" data-type="page" data-id="42">Ausstellungen</a> finden sich entsprechende Projekte, die gemeinsam mit der HisKom realisiert worden bzw. derzeit geplant sind.</p>



<p></p>

<p>Seit mehr als zwanzig Jahren widmet sich die HumboldtInitiative (HU-I) der historischen Aufarbeitung der Bücherverbrennung in Berlin, die am 10. Mai 1933 gegenüber dem Hauptgebäude der damaligen Friedrich-Wilhelms-Universität öffentlichkeitswirksam inszeniert wurde. An der Humboldt-Universität wurde die Bücherverbrennung in der eigenen Geschichtsschreibung lange nur wenig berücksichtigt, was ab Anfang der 2000er Jahre die Stiftungsinitiative 10. Mai,&hellip;&nbsp;<a href="https://ini.hu-berlin.de/hiskom/lesezeichen-10-mai/" rel="bookmark">Weiterlesen &raquo;<span class="screen-reader-text">Lesezeichen 10. Mai</span></a></p>
