{"id":5,"date":"2021-02-26T11:10:40","date_gmt":"2021-02-26T10:10:40","guid":{"rendered":"https:\/\/ini.hu-berlin.de\/hiskom\/wordpress\/?page_id=5"},"modified":"2026-03-04T16:12:06","modified_gmt":"2026-03-04T15:12:06","slug":"gestalte-deine-website-mit-bloecken","status":"publish","type":"page","link":"https:\/\/ini.hu-berlin.de\/hiskom\/","title":{"rendered":"Herzlich willkommen auf der Webseite der Historischen Kommission der Verfassten Studierendenschaft in Berlin (HisKom)"},"content":{"rendered":"\n<div class=\"wp-block-columns is-layout-flex wp-container-core-columns-is-layout-9d6595d7 wp-block-columns-is-layout-flex\">\n<div class=\"wp-block-column is-layout-flow wp-block-column-is-layout-flow\" style=\"flex-basis:33.33%\"><div class=\"wp-block-image wp-block-image size-large is-resized\">\n<figure class=\"alignleft size-full\"><img loading=\"lazy\" decoding=\"async\" width=\"420\" height=\"223\" src=\"https:\/\/ini.hu-berlin.de\/hiskom\/wp-content\/uploads\/2011\/06\/plakat-studpack_2011.jpg\" alt=\"\" class=\"wp-image-268\" style=\"width:344px;height:auto\" srcset=\"https:\/\/ini.hu-berlin.de\/hiskom\/wp-content\/uploads\/2011\/06\/plakat-studpack_2011.jpg 420w, https:\/\/ini.hu-berlin.de\/hiskom\/wp-content\/uploads\/2011\/06\/plakat-studpack_2011-300x159.jpg 300w\" sizes=\"auto, (max-width: 420px) 100vw, 420px\" \/><\/figure>\n<\/div><\/div>\n\n\n\n<div class=\"wp-block-column is-layout-flow wp-block-column-is-layout-flow\" style=\"flex-basis:66.66%\">\n<p>Geschichte wird gemacht &#8211; und die HisKom wird immer wieder und weiter mitmischen: Aktuelles gibt&#8217;s jeweils unter <a href=\"https:\/\/ini.hu-berlin.de\/hiskom\/blog\/\" data-type=\"page\" data-id=\"8\">Aktuelles<\/a> (und gerne auch <a href=\"https:\/\/ini.hu-berlin.de\/hiskom\/kontakt\/\" data-type=\"page\" data-id=\"7\">auf Anfrage<\/a>).<\/p>\n\n\n\n<p>Informationen <a href=\"https:\/\/ini.hu-berlin.de\/hiskom\/ueber-uns\/\" data-type=\"page\" data-id=\"6\">\u00fcber uns<\/a> und unsere Entstehungsgeschichte finden sich ebenso auf dieser Webseite wie N\u00e4heres zu unseren bisher realisierten <a href=\"https:\/\/ini.hu-berlin.de\/hiskom\/ausstellungen\/\" data-type=\"page\" data-id=\"42\">Ausstellungen<\/a> (2010-2011, 2013, 2023), Veranstaltungen und weiteren <a href=\"https:\/\/ini.hu-berlin.de\/hiskom\/projekte-aktivitaeten\/\" data-type=\"page\" data-id=\"55\">Projekte bzw. Projektideen<\/a>. <\/p>\n\n\n\n<p>Die Webseite der HisKom befindet sich im steten Aufbau und wird sukzessive weiter mit Inhalten, Materialien und weiterf\u00fchrenden Hinweisen gef\u00fcllt &#8211; inzwischen auch teilweise <a href=\"https:\/\/ini.hu-berlin.de\/hiskom\/exhibition-contents\/\" data-type=\"page\" data-id=\"843\">in englischer Sprache<\/a>. So m\u00f6chten wir unser erarbeitetes Wissen m\u00f6glichst vielen Interessierten zug\u00e4nglich machen und zum Mittun, Weiterforschen und (Ge-)Denken einladen.<\/p>\n\n\n\n<p>Bei Fragen, Anregungen und Kritik k\u00f6nnt ihr uns <a href=\"https:\/\/ini.hu-berlin.de\/hiskom\/kontakt\/\" data-type=\"page\" data-id=\"7\">gerne kontaktieren<\/a>.<\/p>\n<\/div>\n<\/div>\n","protected":false},"excerpt":{"rendered":"<p>Geschichte wird gemacht &#8211; und die HisKom wird immer wieder und weiter mitmischen: Aktuelles gibt&#8217;s jeweils unter Aktuelles (und gerne auch auf Anfrage). Informationen \u00fcber uns und unsere Entstehungsgeschichte finden sich ebenso auf dieser Webseite wie N\u00e4heres zu unseren bisher realisierten Ausstellungen (2010-2011, 2013, 2023), Veranstaltungen und weiteren Projekte bzw. Projektideen. Die Webseite der HisKom&hellip;&nbsp;<a href=\"https:\/\/ini.hu-berlin.de\/hiskom\/\" rel=\"bookmark\">Weiterlesen &raquo;<span class=\"screen-reader-text\">Herzlich willkommen auf der Webseite der Historischen Kommission der Verfassten Studierendenschaft in Berlin (HisKom)<\/span><\/a><\/p>\n","protected":false},"author":1,"featured_media":0,"parent":0,"menu_order":0,"comment_status":"closed","ping_status":"closed","template":"","meta":{"neve_meta_sidebar":"","neve_meta_container":"","neve_meta_enable_content_width":"","neve_meta_content_width":0,"neve_meta_title_alignment":"","neve_meta_author_avatar":"","neve_post_elements_order":"","neve_meta_disable_header":"","neve_meta_disable_footer":"","neve_meta_disable_title":"","footnotes":""},"class_list":["post-5","page","type-page","status-publish","hentry"],"_links":{"self":[{"href":"https:\/\/ini.hu-berlin.de\/hiskom\/wp-json\/wp\/v2\/pages\/5","targetHints":{"allow":["GET"]}}],"collection":[{"href":"https:\/\/ini.hu-berlin.de\/hiskom\/wp-json\/wp\/v2\/pages"}],"about":[{"href":"https:\/\/ini.hu-berlin.de\/hiskom\/wp-json\/wp\/v2\/types\/page"}],"author":[{"embeddable":true,"href":"https:\/\/ini.hu-berlin.de\/hiskom\/wp-json\/wp\/v2\/users\/1"}],"replies":[{"embeddable":true,"href":"https:\/\/ini.hu-berlin.de\/hiskom\/wp-json\/wp\/v2\/comments?post=5"}],"version-history":[{"count":26,"href":"https:\/\/ini.hu-berlin.de\/hiskom\/wp-json\/wp\/v2\/pages\/5\/revisions"}],"predecessor-version":[{"id":1345,"href":"https:\/\/ini.hu-berlin.de\/hiskom\/wp-json\/wp\/v2\/pages\/5\/revisions\/1345"}],"wp:attachment":[{"href":"https:\/\/ini.hu-berlin.de\/hiskom\/wp-json\/wp\/v2\/media?parent=5"}],"curies":[{"name":"wp","href":"https:\/\/api.w.org\/{rel}","templated":true}]}}