{"id":45,"date":"2021-02-26T13:37:32","date_gmt":"2021-02-26T12:37:32","guid":{"rendered":"https:\/\/ini.hu-berlin.de\/hiskom\/wordpress\/?page_id=45"},"modified":"2024-06-13T14:22:17","modified_gmt":"2024-06-13T12:22:17","slug":"stud-berlin","status":"publish","type":"page","link":"https:\/\/ini.hu-berlin.de\/hiskom\/stud-berlin\/","title":{"rendered":"stud.Berlin > 200 Jahre Studieren in Berlin"},"content":{"rendered":"\n<h4 class=\"wp-block-heading\">Standpunkte | Selbstorganisation | Studienwelten<\/h4>\n\n\n\n<div class=\"wp-block-columns is-layout-flex wp-container-core-columns-is-layout-9d6595d7 wp-block-columns-is-layout-flex\">\n<div class=\"wp-block-column is-layout-flow wp-block-column-is-layout-flow\" style=\"flex-basis:66.66%\">\n<p>Noch heute finden sich im Hegelbau Fragmente unserer Ausstellung, die anl\u00e4sslich des 200-j\u00e4hrigen Jubil\u00e4ums der Berliner Universit\u00e4t entstanden ist und endlich einmal die Geschichte der Studierenden und des Studiums in Berlin in den Fokus nehmen sollte. Von Vernissage am 4. Mai 2010 \u00fcber die &#8222;Fertisage&#8220; am 4. Mai 2011 bis hin zur weniger feierlichen Abh\u00e4ngung im Herbst 2011 hingen auf sechs Etagen schlie\u00dflich mehr als 100 Tafeln, die selbstverst\u00e4ndlich einen Zeitraum &#8222;gr\u00f6\u00dfer als&#8220; 200 Jahre umfassten und nicht allein chronologische Aufreihung waren, sondern dank hervorgehobenen, f\u00fcr &#8222;stud.berlin&#8220; substantielle Kategorien einen thematisch-vertiefenden, diskursiven Zugang boten. F\u00fcr ein so herausragendes Thema wie &#8222;Protest&#8220; gab da sogar eine eigene Etage.<\/p>\n\n\n\n<p>Als Student:innen und Absolvent:innen wollten wir mit der Ausstellung &#8222;stud.Berlin &gt; 200 Jahre Studieren in Berlin&#8220; einen komplement\u00e4ren Blick auf die Geschichte der Hochschulen und ihrer Mitglieder werfen. Im Mittelpunkt standen universit\u00e4re Erfahrungswelten, &#8222;Selbsterm\u00e4chtigungen&#8220; und Emanzipationsversuche. Unsere kleinen Erz\u00e4hlungen stellten die Unternehmungen von Studierenden, ihren Einfluss auf Universit\u00e4t und Wissenschaft, aber auch auf die Welt au\u00dferhalb des &#8222;Elfenbeinturms&#8220;, ihre Spuren und Freir\u00e4ume in der Stadt gegen die gro\u00dfen Erz\u00e4hlungen der offizi\u00f6sen Zelebrationskultur.<\/p>\n\n\n\n<p>Auf sechs Etagen des Hegelbaus zeichnete die Ausstellung die studentische Bewegungs- und Sozialgeschichte nach. Die Schwerpunkte Frauenbildung, Studierende vor Gericht, studentische Organisationen und besondere &#8222;Lesezeichen&#8220; erg\u00e4nzten die chronologische Darstellung seit 1750 &#8211; hervorgehoben durch eine jeweils eigene Farbe.<\/p>\n\n\n\n<p>Die Ausstellung wurde von der Historischen Kommission hochschul\u00fcbergreifend und unter Einbeziehung vieler Studierender erarbeitet. Sie ist Ergebnis studentisch organisierter Lehrveranstaltungen wie autonomer Seminare und Projekttutorien, die eine Selbstaneignung der Universit\u00e4tsgeschichte f\u00f6rderten. Insofern ist die Ausstellung ein Beitrag zur alternativen Lehre und studentischen Forschung an den Hochschulen. Daneben wurden zahlreiche Absolvent:innen und Student:innen von Berliner und Potsdamer Hochschulen durch Rechercheauftr\u00e4ge inhaltlich eingebunden.<\/p>\n<\/div>\n\n\n\n<div class=\"wp-block-column is-layout-flow wp-block-column-is-layout-flow\" style=\"flex-basis:33.33%\">\n<figure class=\"wp-block-image is-resized\"><img loading=\"lazy\" decoding=\"async\" width=\"620\" height=\"827\" src=\"https:\/\/ini.hu-berlin.de\/hiskom\/wordpress\/wp-content\/uploads\/2021\/02\/studBerlin-Ausstellungsflyer-edited.jpg\" alt=\"\" class=\"wp-image-188\" style=\"width:313px;height:417px\" srcset=\"https:\/\/ini.hu-berlin.de\/hiskom\/wp-content\/uploads\/2021\/02\/studBerlin-Ausstellungsflyer-edited.jpg 620w, https:\/\/ini.hu-berlin.de\/hiskom\/wp-content\/uploads\/2021\/02\/studBerlin-Ausstellungsflyer-edited-225x300.jpg 225w\" sizes=\"auto, (max-width: 620px) 100vw, 620px\" \/><\/figure>\n\n\n\n<p><strong>Er\u00f6ffnung: <\/strong><br>4. Mai 2010 (Vernissage) <br>und 4. Mai 2011 (Fertisage)<\/p>\n\n\n\n<p><strong>Zeitraum:<\/strong><br>Fr\u00fchjahr 2010 bis Herbst 2011<\/p>\n\n\n\n<p><strong>Ort:<\/strong><br>Seminargeb\u00e4ude am Hegelplatz (Haus 1)<br>Dorotheenstra\u00dfe 24, 10117 Berlin<br><\/p>\n<\/div>\n<\/div>\n\n\n\n<h2 class=\"wp-block-heading has-text-align-center\">Themen und Aufbau der Ausstellung<\/h2>\n\n\n\n<div class=\"wp-block-columns is-layout-flex wp-container-core-columns-is-layout-9d6595d7 wp-block-columns-is-layout-flex\">\n<div class=\"wp-block-column is-layout-flow wp-block-column-is-layout-flow\">\n<p class=\"has-neve-link-color-color has-text-color has-background has-medium-font-size\" style=\"background-color:#e219a9\"><strong>1750\u20131850 <\/strong><br><a href=\"https:\/\/ini.hu-berlin.de\/hiskom\/1750-1850\/\" data-type=\"page\" data-id=\"192\">Von der Proto-Universit\u00e4t in den Vorm\u00e4rz<\/a><br><br><em><sub>Etage 6<\/sub><\/em><\/p>\n\n\n\n<p class=\"has-neve-link-color-color has-text-color has-background has-medium-font-size\" style=\"background-color:#e219a9\"><strong>1945\u20132010<\/strong><br><a href=\"https:\/\/ini.hu-berlin.de\/hiskom\/1945-2010\/\" data-type=\"page\" data-id=\"202\">Auf dem Weg zum Ende der Geschichte<\/a><br><br><sub><em>Etage <\/em>3<\/sub><\/p>\n<\/div>\n\n\n\n<div class=\"wp-block-column is-layout-flow wp-block-column-is-layout-flow\">\n<p class=\"has-background has-medium-font-size\" style=\"background-color:#e219a9\"><strong>1848\u20131918<\/strong><br><a href=\"https:\/\/ini.hu-berlin.de\/hiskom\/1848-1918\/\" data-type=\"page\" data-id=\"195\">Von der Revolution von 1848 bis zum Ersten Weltkrieg<\/a><br><br><em><sub>Etage 5<\/sub><\/em><\/p>\n\n\n\n<p class=\"has-background has-medium-font-size\" style=\"background-color:#e219a9\"><strong>1810-2010<\/strong><br><a href=\"https:\/\/ini.hu-berlin.de\/hiskom\/gegenstaende-studentischer-intervention\/\" data-type=\"page\" data-id=\"205\">Gegenst\u00e4nde studentischer Intervention<\/a><br><br><sub><em>Etage <\/em>2<\/sub><\/p>\n<\/div>\n\n\n\n<div class=\"wp-block-column is-layout-flow wp-block-column-is-layout-flow\">\n<p class=\"has-background has-medium-font-size\" style=\"background-color:#e219a9\"><strong>1918-1945<\/strong><br><a href=\"https:\/\/ini.hu-berlin.de\/hiskom\/1918-1945\/\" data-type=\"page\" data-id=\"199\">Novemberrevolution, Weimarer Republik und Nationalsozialismus<\/a><br><em><sub>Etage 4<\/sub><\/em><\/p>\n\n\n\n<p class=\"has-background has-medium-font-size\" style=\"background-color:#e219a9\"><strong><strong>1810-2010<\/strong><\/strong><br><a href=\"https:\/\/ini.hu-berlin.de\/hiskom\/protest-bewegung-oeffentlichkeit\/\" data-type=\"page\" data-id=\"208\">Protest \u2013 Bewegung \u2013 \u00d6ffentlichkeit<\/a><br><br><sub><em>Etage <\/em>1<\/sub><\/p>\n<\/div>\n<\/div>\n\n\n\n<hr class=\"wp-block-separator has-css-opacity is-style-wide\"\/>\n\n\n\n<h2 class=\"wp-block-heading has-text-align-center\">Projekttutorien<\/h2>\n\n\n\n<div class=\"wp-block-columns is-layout-flex wp-container-core-columns-is-layout-9d6595d7 wp-block-columns-is-layout-flex\">\n<div class=\"wp-block-column is-layout-flow wp-block-column-is-layout-flow\">\n<p class=\"has-nv-light-bg-background-color has-background\"><strong>Emanzipation durch Recht? <\/strong><br><strong>Das Ringen um (Rechts-)Status und Bild der Studierenden seit dem 19. Jahrhundert<\/strong> <br><a href=\"https:\/\/ini.hu-berlin.de\/hiskom\/2009\/03\/projekttutorium-emanzipation-durch-recht\/\" data-type=\"post\">Sommersemester 2009<\/a><br><a href=\"https:\/\/ini.hu-berlin.de\/hiskom\/2009\/10\/emanzipation-durch-recht-im-wise-2009-2010\/\" data-type=\"post\">Wintersemester 2009\/2010<\/a><\/p>\n<\/div>\n\n\n\n<div class=\"wp-block-column is-layout-flow wp-block-column-is-layout-flow\">\n<p class=\"has-nv-light-bg-background-color has-background\"><strong>Berliner Universit\u00e4ten im Systemkonflikt &#8211; Mythen und mediale Darstellungen<\/strong>  <br><br><a href=\"https:\/\/ini.hu-berlin.de\/hiskom\/2009\/03\/projekttutorium-berliner-universitaeten-im-systemkonflikt\/\" data-type=\"post\">Sommersemester 2009<\/a><br><a href=\"https:\/\/ini.hu-berlin.de\/hiskom\/2009\/10\/berliner-universitaeten-im-systemkonflikt-im-wise-2009-2010\/\" data-type=\"post\">Wintersemester 2009\/2010<\/a><\/p>\n<\/div>\n\n\n\n<div class=\"wp-block-column is-layout-flow wp-block-column-is-layout-flow\">\n<p class=\"has-nv-light-bg-background-color has-background\"><strong>Recherche f\u00fcr eine Ausstellung. <\/strong><br><strong>200 Jahre studentische Selbstorganisation in Berlin<\/strong>  <br> <br><br><a href=\"https:\/\/ini.hu-berlin.de\/hiskom\/2009\/03\/projekttutorium-recherche-fuer-eine-ausstellung\/\" data-type=\"post\">Sommersemester 2009<\/a><\/p>\n<\/div>\n<\/div>\n\n\n\n<hr class=\"wp-block-separator has-css-opacity is-style-wide\"\/>\n\n\n\n<h2 class=\"wp-block-heading has-text-align-center\">Begleitprogramm<\/h2>\n\n\n\n<p><strong>4. Mai 2010 | 18 Uhr<\/strong><br><a href=\"https:\/\/ini.hu-berlin.de\/hiskom\/2010\/02\/ausstellungseroeffnung-am-4-mai-2010\/\" data-type=\"post\">Ausstellungser\u00f6ffnung<\/a><\/p>\n\n\n\n<p><strong>6. Mai 2010 | 18:30 Uhr<\/strong><br><a href=\"https:\/\/ini.hu-berlin.de\/hiskom\/2010\/04\/der-lange-weg-zur-buecherverbrennung-von-der-restauration-bis-zur-machtergreifung\/\" data-type=\"post\">Der lange Weg zur B\u00fccherverbrennung. Von der \u201eRestauration\u201c bis zur \u201eMachtergreifung\u201c<\/a><\/p>\n\n\n\n<p><strong>8. Mai 2010 | 18 Uhr<\/strong><br><a href=\"https:\/\/ini.hu-berlin.de\/hiskom\/2010\/03\/lesezeichen-10-mai-2010\/\" data-type=\"post\">Lesezeichen 10. Mai 2010<\/a><\/p>\n\n\n\n<p><strong>20. Mai 2010 | 18:30 Uhr<\/strong><br><a href=\"https:\/\/ini.hu-berlin.de\/hiskom\/2010\/04\/freiraeume-studienraeume-lebensraeume\/\" data-type=\"post\">Freir\u00e4ume \u2013 Studienr\u00e4ume \u2013 Lebensr\u00e4ume. Von der akademischen Trinkhalle zur Gr\u00fcndung des SBZ Kr\u00e4henfu\u00df<\/a><\/p>\n\n\n\n<p><strong>27. Mai 2010 | 18:30 Uhr<\/strong><br><a href=\"https:\/\/ini.hu-berlin.de\/hiskom\/2010\/05\/alles-ist-politisch-vortrag-diskussion\/\" data-type=\"post\">Alles ist politisch?! Das \u201eUnpolitische\u201c als Wesensmerkmal der deutschen Universit\u00e4t und der Kampf um ein politisches Mandat der Studierendenschaften<\/a><\/p>\n\n\n\n<p><strong>3. Juni 2010 | 18:30 Uhr<\/strong><br><a href=\"https:\/\/ini.hu-berlin.de\/hiskom\/2010\/05\/aussenseiter-antipoden-avantgarde\/\" data-type=\"post\">Au\u00dfenseiter, Antipoden, Avantgarde<\/a><\/p>\n\n\n\n<p><strong>7. Juni 2010 | 19:30 Uhr<\/strong><br><a href=\"https:\/\/ini.hu-berlin.de\/hiskom\/2010\/05\/aufarbeitung-der-braunen-vergangenheit-ungesuehnte-nazijustiz\/\" data-type=\"post\">Aufarbeitung der braunen Vergangenheit: Unges\u00fchnte Nazijustiz<\/a><\/p>\n\n\n\n<p><strong>10. Juni 2010 | 18:30 Uhr<\/strong><br><a href=\"https:\/\/ini.hu-berlin.de\/hiskom\/2010\/05\/alles-auf-protest-oder-was-moeglichkeiten-studentischer-interessenvertretung-in-hochschulgesetzgebung-und-oeffentlichkeit\/\" data-type=\"post\">Alles auf Protest, oder was? M\u00f6glichkeiten studentischer Interessenvertretung in Hochschulgesetzgebung und \u00d6ffentlichkeit<\/a><\/p>\n\n\n\n<p><strong>17. Juni 2010 | 18:30 Uhr<\/strong><br><a href=\"https:\/\/ini.hu-berlin.de\/hiskom\/2010\/05\/christian-kunth-ein-vergessener-geburtshelfer-der-universitaet\/\" data-type=\"post\">Christian Kunth \u2013 Ein vergessener Geburtshelfer der Universit\u00e4t?<\/a><\/p>\n\n\n\n<p><strong>23. Juni 2010 | 18:30 Uhr<\/strong><br><a href=\"https:\/\/ini.hu-berlin.de\/hiskom\/2010\/04\/die-wahrheit-ueber-die-universitaetsgruendung-der-akt-und-die-akten\/\" data-type=\"post\">Die Wahrheit \u00fcber die Universit\u00e4tsgr\u00fcndung. Der Akt und die Akten<\/a><\/p>\n\n\n\n<p><strong>24. Juni 2010 | 18:30 Uhr<\/strong><br><a href=\"https:\/\/ini.hu-berlin.de\/hiskom\/2010\/05\/denkmaeler-erinnerungskultur-geschichtsmarketing-wie-berlins-universitaeten-mit-ihrer-vergangenheit-umgehen\/\" data-type=\"post\">Denkm\u00e4ler, Erinnerungskultur, Geschichtsmarketing. Wie Berlins Universit\u00e4ten mit ihrer Vergangenheit umgehen<\/a><\/p>\n\n\n\n<p><strong>1. Juli 2010<\/strong> | <strong>18:30 Uhr<\/strong><br><a href=\"https:\/\/ini.hu-berlin.de\/hiskom\/2010\/05\/nazis-nofu-neoliberalismus-das-gruselige-engagement-ausseruniversitaerer-lobbygruppen-in-den-hochschulen\/\" data-type=\"post\">Nazis \u2013 NofU \u2013 Neoliberalismus. Das gruselige Engagement au\u00dferuniversit\u00e4rer Lobbygruppen in den Hochschulen<\/a><\/p>\n\n\n\n<p><strong>8. Juli 2010 | 18:30 Uhr<\/strong><br><a href=\"https:\/\/ini.hu-berlin.de\/hiskom\/2010\/05\/wendezone-89-kantige-charaktere-runde-tische-und-traeume-von-demokratie\/\" data-type=\"post\" data-id=\"243\">Wendezone \u201989. Kantige Charaktere, Runde Tische und Tr\u00e4ume von Demokratie<\/a><\/p>\n\n\n\n<p><strong>15. Juli 2010 | ab 15 Uhr <\/strong><br><a href=\"https:\/\/ini.hu-berlin.de\/hiskom\/2010\/05\/das-ist-doch-kein-wetter-sommerfest-des-asta-fu-des-referentinnenrats-der-hu-und-der-hiskom\/\" data-type=\"post\" data-id=\"241\">Protest- und Arbeiterliedercontest und Ausstellungsf\u00fchrungen im Rahmen des Sommerfests von AStA FU, ReferentInnenRat der HU und HisKom<\/a><\/p>\n\n\n\n<p><strong>4. Mai 2011 | 18 Uhr<\/strong><br><a href=\"https:\/\/ini.hu-berlin.de\/hiskom\/2011\/03\/fertisage\/\" data-type=\"post\">&#8222;Fertisage&#8220;<\/a><\/p>\n\n\n\n<p><strong>6. Mai 2011 | 15 bis 17 Uhr<\/strong><br><a href=\"https:\/\/ini.hu-berlin.de\/hiskom\/2011\/02\/lesezeichen-10-mai\/\" data-type=\"post\">Lesezeichen 10. Mai 2011 &#8211; 78 Jahre B\u00fccherverbrennung: Welche Erinnerung brauchen wir?<\/a><\/p>\n\n\n\n<p><strong>28. Mai 2011 | 17 bis 1 Uhr&nbsp;<\/strong><br><a href=\"https:\/\/ini.hu-berlin.de\/hiskom\/2011\/04\/lange-nacht-der-wissenschaften\/\" data-type=\"post\">Lange Nacht der Wissenschaften<\/a><\/p>\n\n\n\n<p><strong>Juni und Juli 2011 <\/strong><br><a href=\"https:\/\/ini.hu-berlin.de\/hiskom\/2011\/05\/stadtrundgaenge-fuehrungen-durch-mitte-charlottenburg-kreuzberg-und-dahlem\/\" data-type=\"post\" data-id=\"226\">Stadtrundg\u00e4nge \u2013 F\u00fchrungen durch Mitte, Charlottenburg, Kreuzberg und Dahlem<\/a><\/p>\n\n\n\n<p><strong>28. Juni 2011 | 18 Uhr<\/strong><br><a href=\"https:\/\/ini.hu-berlin.de\/hiskom\/2011\/06\/guided-tour-in-english-fuehrung-auf-englisch\/\" data-type=\"post\">Guided Tour in English \u2013 F\u00fchrung auf Englisch<\/a><\/p>\n\n\n\n<p><\/p>\n\n\n\n<hr class=\"wp-block-separator has-css-opacity is-style-wide\"\/>\n\n\n\n<h2 class=\"wp-block-heading has-text-align-center\">Netzwerk<\/h2>\n\n\n\n<p class=\"has-text-align-center\"><em>Die Historische Kommission der Verfassten Studierendenschaft in Berlin ist Teil eines Netzwerks, ohne das hier gar nichts ginge <\/em>&#8230;<\/p>\n\n\n\n<ul class=\"wp-block-list\">\n<li><a rel=\"noreferrer noopener\" href=\"http:\/\/stupa.hu-berlin.de\/\" target=\"_blank\"><strong>StudentInnenparlament der Humboldt-Universit\u00e4t zu Berlin (StuPa HU)<\/strong><\/a><br>Das StuPa der Verfassten Studierendenschaft der HU ist Rechtstr\u00e4ger der Kommission, ihm gegen\u00fcber ist die Kommission rechenschaftspflichtig. Es stattet sie mit einem Haushalt aus und w\u00e4hlt bzw. best\u00e4tigt die Mitglieder der Kommission.<\/li>\n\n\n\n<li><a rel=\"noreferrer noopener\" href=\"http:\/\/www.refrat.de\/\" target=\"_blank\"><strong>ReferentInnenrat der Humboldt-Universit\u00e4t zu Berlin (RefRat HU)<\/strong><\/a><br>Der RefRat ist das Exekutivorgan der Verfassten Studierendenschaft der HU und fungiert damit als (gesetzlicher) Allgemeiner Studierendenausschuss (AStA). Er f\u00fchrt die laufenden Gesch\u00e4fte der Studierendenschaft und vertritt sie nach innen und au\u00dfen.<\/li>\n\n\n\n<li><a rel=\"noreferrer noopener\" href=\"https:\/\/ini.hu-berlin.de\/\" target=\"_blank\"><strong>Humboldt-Initiative (HU-I)<\/strong><\/a><br>Die Humboldt-Initiative ist ein vom StuPa unterst\u00fctztes Projekt, dass organisatorische und infrastrukturelle Hilfe zur Selbsthilfe f\u00fcr andere studentische Projekte und Initiativen im kulturellen, politischen und sozialen Spektrum anbietet. Daneben entwickelt sie im Rahmen der &#8222;Stiftungsinitiative 10. Mai&#8220; inhaltliche Konzepte und Angebote zu Selbstverst\u00e4ndnis und historischer Verantwortung der Humboldt-Universit\u00e4t im Allgemeinen und deren Studierendenschaft im Besonderen.<\/li>\n\n\n\n<li><strong><a rel=\"noreferrer noopener\" href=\"https:\/\/www.erziehungswissenschaften.hu-berlin.de\/de\/historische\" target=\"_blank\">Lehrstuhl f\u00fcr Historische Erziehungswissenschaft <strong>der Humboldt-Universit\u00e4t zu Berlin<\/strong><\/a><\/strong><br>Der von der Universit\u00e4t mit der Erstellung einer Ausstellung zur Universit\u00e4tsgeschichte beauftragte Lehrstuhl unter Leitung von Prof. Heinz-Elmar Tenorth.<\/li>\n\n\n\n<li><a rel=\"noreferrer noopener\" href=\"https:\/\/www.geschichte.hu-berlin.de\/de\/bereiche-und-lehrstuehle\/wissenschaftsgeschichte\" target=\"_blank\"><strong>Lehrstuhl f\u00fcr Wissenschaftsgeschichte der Humboldt-Universit\u00e4t zu Berlin<\/strong><\/a><br>Im Hinblick auf das 200-j\u00e4hrige Jubil\u00e4um der Humboldt-Universit\u00e4t zu Berlin im Jahre 2010 sollte eine Neuschreibung der Geschichte dieser Universit\u00e4t unternommen werden. Dazu hat sich 1999 beim Pr\u00e4sidenten der HU ein &#8222;Beirat 200 Jahre Humboldt-Universit\u00e4t zu Berlin&#8220; gebildet. Die st\u00e4ndige Koordination und konkrete Durchf\u00fchrung der Arbeiten war beim Lehrstuhl f\u00fcr Wissenschaftsgeschichte von Prof. Dr. R\u00fcdiger vom Bruch angegliedert.<\/li>\n\n\n\n<li><strong>(Pr\u00e4sidiale) Gesch\u00e4ftsstelle 200 Jahre Humboldt-Universtit\u00e4t zu Berlin<\/strong><br>Das Pr\u00e4sidium hat eine Gesch\u00e4ftsstelle (<em>Referat <a rel=\"noreferrer noopener\" href=\"https:\/\/www.hu-berlin.de\/de\/pr\/bilder\/hu200.jpg\/view\" target=\"_blank\">HU200<\/a><\/em>) eingerichtet, die unter der Leitung von Frau Constanze Richter die Veranstaltungen und Projekte im Rahmen des Universit\u00e4tsjubil\u00e4ums koordiniert.<\/li>\n\n\n\n<li><a rel=\"noreferrer noopener\" href=\"https:\/\/www.hu-berlin.de\/de\/studium\/reform\/projekttutorien\" target=\"_blank\"><strong>Projekttutorienkommission der HU<\/strong><\/a><br>Projekttutorien (PT) sind studentisch organisierte Lehrveranstaltungen, in denen die Inhalte eigenverantwortlich, wissenschaftlich und praxisorientiert behandelt werden k\u00f6nnen. In diesem Rahmen erhalten Studierende die M\u00f6glichkeit, ihre eigenen Vorstellungen und Initiativen in die Bereiche Lehre und Forschung einzubringen. Ab dem Wintersemester 2008\/09 waren auch Projekttutorien willkommen, die mit ihrem Anspruch kritischer Wissenschaft zu Themen des 200j\u00e4hrigen Jubil\u00e4ums arbeiten und Bereiche aufgreifen, die im universit\u00e4ren Diskurs unbeachtet bleiben.<\/li>\n\n\n\n<li><a href=\"http:\/\/www.astafu.de\/\" target=\"_blank\" rel=\"noreferrer noopener\"><strong>AStA der Freien Universit\u00e4t Berlin<\/strong><\/a><br>&#8222;fu60: gegendarstellungen&#8220; hie\u00df 2008 die Publikation des Allgemeinen Studierendenausschusses der Freien Universit\u00e4t Berlin (FU), mit der dieser regelm\u00e4\u00dfig zu runden FU-Jubil\u00e4en im Sinne einer Flaschenpost eine notwendige Entgegnung zu den offiziellen Selbstbildern der FU zu setzen versucht.<\/li>\n\n\n\n<li><a href=\"http:\/\/asta.tu-berlin.de\/\" target=\"_blank\" rel=\"noreferrer noopener\"><strong>AStA der Technischen Universit\u00e4t Berlin<\/strong><\/a><br>2008 hat das \u00d6ffentlichkeitsreferat des Allgemeinen Studierendenausschusses der Technischen Universit\u00e4t (TU) in Kooperation mit dem TU-Universit\u00e4tsarchiv eine Ausstellung unter dem Titel \u201eTheorie und Praxis &#8211; Studentische Proteste an der TU 1968 bis 2008\u201c erstellt, die bis 12.12.2008 im Hauptgeb\u00e4ude Fl\u00e4che 1.OG (zwischen H104\/H105) zu sehen war.<\/li>\n\n\n\n<li><a href=\"http:\/\/akj.rewi.hu-berlin.de\/\" target=\"_blank\" rel=\"noreferrer noopener\"><strong>arbeitskreis kritischer juristinnen und juristen an der HU (akj-berlin)<\/strong><\/a><br>Der akj-berlin besteht seit Februar 1996 und ist weder ein Verein noch eine Gesellschaft oder sonst irgend eine hierarchisch strukturierte Organisation, sondern ein offenes Forum f\u00fcr rechts- und allgemeinpolitische Diskussionen. Im Rahmen seiner M\u00f6glichkeiten begleitet und ber\u00e4t er bei der Erstellung der Ausstellung und nimmt dabei besonders die Frage in den Blick, wie studentische Proteste und politische\/rechtliche Reformprojekte in Zusammenhang stehen und wie sie einander bedingt haben.<\/li>\n\n\n\n<li><a href=\"http:\/\/www.histox.de\/\" target=\"_blank\" rel=\"noreferrer noopener\"><strong>HISTOX &#8211; Institut f\u00fcr Geschichtsarbeit<\/strong><\/a><br>HISTOX bietet Erfahrung und Kompetenz zur Rechts- und Zeitgeschichte des 19. und 20. Jahrhunderts.<\/li>\n\n\n\n<li><a rel=\"noreferrer noopener\" href=\"http:\/\/einortzumlesen.wordpress.com\/\" target=\"_blank\"><strong>ein Ort zum Lesen<\/strong><\/a><br>Die Initiative &#8222;ein Ort zum Lesen&#8220; erinnerte seit 2009 an die B\u00fccherverbrennung auf dem Berliner Bebelplatz. Auf dem Platz verteilte St\u00fchle wurden mit Exemplaren&nbsp;damals verbrannter Werke best\u00fcckt und luden zum Lesen ein &#8211; es entstand eine &#8222;partizipative Skulptur im \u00f6ffentlichen Raum&#8220;.<\/li>\n<\/ul>\n\n\n\n<div style=\"height:33px\" aria-hidden=\"true\" class=\"wp-block-spacer\"><\/div>\n","protected":false},"excerpt":{"rendered":"<p>Standpunkte | Selbstorganisation | Studienwelten Noch heute finden sich im Hegelbau Fragmente unserer Ausstellung, die anl\u00e4sslich des 200-j\u00e4hrigen Jubil\u00e4ums der Berliner Universit\u00e4t entstanden ist und endlich einmal die Geschichte der Studierenden und des Studiums in Berlin in den Fokus nehmen sollte. Von Vernissage am 4. Mai 2010 \u00fcber die &#8222;Fertisage&#8220; am 4. Mai 2011 bis&hellip;&nbsp;<a href=\"https:\/\/ini.hu-berlin.de\/hiskom\/stud-berlin\/\" rel=\"bookmark\">Weiterlesen &raquo;<span class=\"screen-reader-text\">stud.Berlin > 200 Jahre Studieren in Berlin<\/span><\/a><\/p>\n","protected":false},"author":1,"featured_media":0,"parent":0,"menu_order":0,"comment_status":"closed","ping_status":"closed","template":"","meta":{"neve_meta_sidebar":"full-width","neve_meta_container":"","neve_meta_enable_content_width":"on","neve_meta_content_width":100,"neve_meta_title_alignment":"","neve_meta_author_avatar":"","neve_post_elements_order":"","neve_meta_disable_header":"","neve_meta_disable_footer":"","neve_meta_disable_title":"","footnotes":""},"class_list":["post-45","page","type-page","status-publish","hentry"],"_links":{"self":[{"href":"https:\/\/ini.hu-berlin.de\/hiskom\/wp-json\/wp\/v2\/pages\/45","targetHints":{"allow":["GET"]}}],"collection":[{"href":"https:\/\/ini.hu-berlin.de\/hiskom\/wp-json\/wp\/v2\/pages"}],"about":[{"href":"https:\/\/ini.hu-berlin.de\/hiskom\/wp-json\/wp\/v2\/types\/page"}],"author":[{"embeddable":true,"href":"https:\/\/ini.hu-berlin.de\/hiskom\/wp-json\/wp\/v2\/users\/1"}],"replies":[{"embeddable":true,"href":"https:\/\/ini.hu-berlin.de\/hiskom\/wp-json\/wp\/v2\/comments?post=45"}],"version-history":[{"count":34,"href":"https:\/\/ini.hu-berlin.de\/hiskom\/wp-json\/wp\/v2\/pages\/45\/revisions"}],"predecessor-version":[{"id":1161,"href":"https:\/\/ini.hu-berlin.de\/hiskom\/wp-json\/wp\/v2\/pages\/45\/revisions\/1161"}],"wp:attachment":[{"href":"https:\/\/ini.hu-berlin.de\/hiskom\/wp-json\/wp\/v2\/media?parent=45"}],"curies":[{"name":"wp","href":"https:\/\/api.w.org\/{rel}","templated":true}]}}