{"id":195,"date":"2021-02-26T19:48:03","date_gmt":"2021-02-26T18:48:03","guid":{"rendered":"https:\/\/ini.hu-berlin.de\/hiskom\/wordpress\/?page_id=195"},"modified":"2024-06-13T19:11:16","modified_gmt":"2024-06-13T17:11:16","slug":"1848-1918","status":"publish","type":"page","link":"https:\/\/ini.hu-berlin.de\/hiskom\/1848-1918\/","title":{"rendered":"1848\u20131918"},"content":{"rendered":"\n<div class=\"wp-block-columns is-layout-flex wp-container-core-columns-is-layout-9d6595d7 wp-block-columns-is-layout-flex\">\n<div class=\"wp-block-column is-layout-flow wp-block-column-is-layout-flow\" style=\"flex-basis:66.66%\">\n<h1 class=\"wp-block-heading\">Von der Revolution von 1848 bis zum Ersten Weltkrieg<\/h1>\n\n\n\n<p>Die M\u00e4rzrevolution 1848 und die nicht umsonst als &#8222;Professorenparlament&#8220; verspottete Frankfurter Nationalversammlung wecken auch an den Universit\u00e4ten die Hoffnung auf demokratische Teilhabe in nationaler Einheit. In Eisenach treffen sich studentische Abordnungen als allgemeine Studentenversammlung und richten ihre Forderungen an die Verfassungsv\u00e4ter in Frankfurt. Doch das Scheitern der b\u00fcrgerlichen Revolution m\u00fcndet in einer Absage an jegliche Form kritischer Positionierung als unwissenschaftliche &#8222;Politisierung&#8220;. Dabei bleiben die deutschnationalen, antisemitischen und imperialistischen Grundlagen der scheinbar &#8222;objektiven&#8220; Wissenschaft unreflektiert und bereiten den Boden f\u00fcr die sp\u00e4teren Schlachtfelder und Verfolgungen. <\/p>\n\n\n\n<div style=\"height:10px\" aria-hidden=\"true\" class=\"wp-block-spacer\"><\/div>\n\n\n\n<h2 class=\"wp-block-heading\">Tafeln<\/h2>\n\n\n\n<p><strong>Keine Gewalt<\/strong><br>Berliner Studenten in der Revolution von 1848<\/p>\n\n\n\n<p><strong>Positionen und Protagonisten<\/strong><\/p>\n\n\n\n<p><strong>Die Mittelalterliche Romantik \u00fcber Bord werfen?<\/strong><br>Das 1848 der Studenten und die Folgen<\/p>\n\n\n\n<p><strong>Dunkel, durstig und kein Buch? Ab ins Barackenauditorium!<\/strong><br>Die Lesehallen der Kaiserzeit<\/p>\n\n\n\n<p><strong>Wer ist deutsch genug f\u00fcr die Akademische Lesehalle?<\/strong><br>Studentischer Wahlkampf im Kaiserreich<\/p>\n\n\n\n<p><strong>Freie Wissenschaftliche Vereinigung vs. Verein Deutscher Studenten<\/strong><br>Antipoden im Antisemitismusstreit<\/p>\n\n\n\n<p><strong>Finken gegen F\u00fcxe und Alte Herren<\/strong><br>Die Freistudentenschaft in Berlin<\/p>\n\n\n\n<p><strong>Die Auswahl der &#8222;besseren&#8220; Studentinnen<\/strong><br>Gleichstellung nur f\u00fcr Deutsche?<\/p>\n\n\n\n<p><strong>Der Beginn der antisemitischen Studentenbewegung<\/strong><br>\u00dcberfremdungswahn &amp; Verschw\u00f6rungstheorien<\/p>\n\n\n\n<p><strong>Patriotische Pflichten \u2013 individuelle Emanzipation<\/strong><br>Studentinnen im Ersten Weltkrieg<\/p>\n\n\n\n<p><strong>&#8222;Unvorhergesehene Vorkommnisse&#8220; und ein Verbot<\/strong><br><em>Akademische Gruppe f\u00fcr Sexualreform<\/em><\/p>\n\n\n\n<p>&#8230;<\/p>\n<\/div>\n\n\n\n<div class=\"wp-block-column is-layout-flow wp-block-column-is-layout-flow\" style=\"flex-basis:33.33%\">\n<p class=\"has-text-align-right has-background has-small-font-size\" style=\"background-color:#e319aa3b\"><strong>1750\u20131850 <\/strong><br><a href=\"https:\/\/ini.hu-berlin.de\/hiskom\/1750-1850\/\" data-type=\"page\" data-id=\"192\">Von der Proto-Universit\u00e4t in den Vorm\u00e4rz<\/a><\/p>\n\n\n\n<p class=\"has-text-align-right has-background has-small-font-size\" style=\"background-color:#e319aa\"><strong>1848\u20131918<\/strong><br><a href=\"https:\/\/ini.hu-berlin.de\/hiskom\/1848-1918\/\" data-type=\"page\" data-id=\"195\">Von der Revolution von 1848 bis zum Ersten Weltkrieg<\/a><\/p>\n\n\n\n<p class=\"has-text-align-right has-background has-small-font-size\" style=\"background-color:#e319aa3b\"><strong>1918-1945<\/strong><br><a href=\"https:\/\/ini.hu-berlin.de\/hiskom\/1918-1945\/\" data-type=\"page\" data-id=\"199\">Novemberrevolution, Weimarer Republik und Nationalsozialismus<\/a><\/p>\n\n\n\n<p class=\"has-text-align-right has-background has-small-font-size\" style=\"background-color:#e319aa3b\"><strong>1945\u20132010<\/strong><br><a href=\"https:\/\/ini.hu-berlin.de\/hiskom\/1945-2010\/\" data-type=\"page\" data-id=\"202\">Auf dem Weg zum Ende der Geschichte<\/a><\/p>\n\n\n\n<p class=\"has-text-align-right has-background has-small-font-size\" style=\"background-color:#e319aa3b\"><strong>1810-2010<\/strong><br><a href=\"https:\/\/ini.hu-berlin.de\/hiskom\/gegenstaende-studentischer-intervention\/\" data-type=\"page\" data-id=\"205\">Gegenst\u00e4nde studentischer Intervention<\/a><\/p>\n\n\n\n<p class=\"has-text-align-right has-background has-small-font-size\" style=\"background-color:#e319aa3b\"><strong><strong>1810-2010<\/strong><\/strong><br><a href=\"https:\/\/ini.hu-berlin.de\/hiskom\/protest-bewegung-oeffentlichkeit\/\" data-type=\"page\" data-id=\"208\">Protest \u2013 Bewegung \u2013 \u00d6ffentlichkeit<\/a><\/p>\n\n\n\n<p><\/p>\n<\/div>\n<\/div>\n\n\n\n<div style=\"height:33px\" aria-hidden=\"true\" class=\"wp-block-spacer\"><\/div>\n","protected":false},"excerpt":{"rendered":"<p>Von der Revolution von 1848 bis zum Ersten Weltkrieg Die M\u00e4rzrevolution 1848 und die nicht umsonst als &#8222;Professorenparlament&#8220; verspottete Frankfurter Nationalversammlung wecken auch an den Universit\u00e4ten die Hoffnung auf demokratische Teilhabe in nationaler Einheit. In Eisenach treffen sich studentische Abordnungen als allgemeine Studentenversammlung und richten ihre Forderungen an die Verfassungsv\u00e4ter in Frankfurt. Doch das Scheitern&hellip;&nbsp;<a href=\"https:\/\/ini.hu-berlin.de\/hiskom\/1848-1918\/\" rel=\"bookmark\">Weiterlesen &raquo;<span class=\"screen-reader-text\">1848\u20131918<\/span><\/a><\/p>\n","protected":false},"author":1,"featured_media":0,"parent":0,"menu_order":0,"comment_status":"closed","ping_status":"closed","template":"","meta":{"neve_meta_sidebar":"full-width","neve_meta_container":"","neve_meta_enable_content_width":"on","neve_meta_content_width":100,"neve_meta_title_alignment":"","neve_meta_author_avatar":"","neve_post_elements_order":"","neve_meta_disable_header":"","neve_meta_disable_footer":"","neve_meta_disable_title":"","footnotes":""},"class_list":["post-195","page","type-page","status-publish","hentry"],"_links":{"self":[{"href":"https:\/\/ini.hu-berlin.de\/hiskom\/wp-json\/wp\/v2\/pages\/195","targetHints":{"allow":["GET"]}}],"collection":[{"href":"https:\/\/ini.hu-berlin.de\/hiskom\/wp-json\/wp\/v2\/pages"}],"about":[{"href":"https:\/\/ini.hu-berlin.de\/hiskom\/wp-json\/wp\/v2\/types\/page"}],"author":[{"embeddable":true,"href":"https:\/\/ini.hu-berlin.de\/hiskom\/wp-json\/wp\/v2\/users\/1"}],"replies":[{"embeddable":true,"href":"https:\/\/ini.hu-berlin.de\/hiskom\/wp-json\/wp\/v2\/comments?post=195"}],"version-history":[{"count":5,"href":"https:\/\/ini.hu-berlin.de\/hiskom\/wp-json\/wp\/v2\/pages\/195\/revisions"}],"predecessor-version":[{"id":1191,"href":"https:\/\/ini.hu-berlin.de\/hiskom\/wp-json\/wp\/v2\/pages\/195\/revisions\/1191"}],"wp:attachment":[{"href":"https:\/\/ini.hu-berlin.de\/hiskom\/wp-json\/wp\/v2\/media?parent=195"}],"curies":[{"name":"wp","href":"https:\/\/api.w.org\/{rel}","templated":true}]}}