{"id":192,"date":"2021-02-26T19:47:18","date_gmt":"2021-02-26T18:47:18","guid":{"rendered":"https:\/\/ini.hu-berlin.de\/hiskom\/wordpress\/?page_id=192"},"modified":"2024-06-13T19:10:58","modified_gmt":"2024-06-13T17:10:58","slug":"1750-1850","status":"publish","type":"page","link":"https:\/\/ini.hu-berlin.de\/hiskom\/1750-1850\/","title":{"rendered":"1750\u20131850"},"content":{"rendered":"\n<div class=\"wp-block-columns is-layout-flex wp-container-core-columns-is-layout-9d6595d7 wp-block-columns-is-layout-flex\">\n<div class=\"wp-block-column is-layout-flow wp-block-column-is-layout-flow\" style=\"flex-basis:66.66%\">\n<h1 class=\"wp-block-heading\">Von der Proto-Universit\u00e4t in den Vorm\u00e4rz<\/h1>\n\n\n\n<p>In der zweiten H\u00e4lfte des 18. Jahrhunderts steht Preu\u00dfen vor der Herausforderung, etablierte und strukturkonservative wissenschaftliche Institutionen wie Charit\u00e9 oder Akademie mit den offenen Diskussionen in den Salons der b\u00fcrgerlichen Aufkl\u00e4rung zusammenzuf\u00fchren.<\/p>\n\n\n\n<p>Mit der Gr\u00fcndung der Universit\u00e4t 1810 erh\u00e4lt Berlin zwar einen festen Ort f\u00fcr Lehre und Forschung, die Dynamik der st\u00e4dtischen Bildungsmilieus und die Chance einer undogmatischen Neubegr\u00fcndung wird jedoch nicht genutzt: Juden und Frauen bleiben au\u00dfen vor, erste Ausformungen der Studenten als politische Subjekte \u2013 Hambacher und Wartburgfest, Urburschenschaft \u2013 werden durch die Karlsbader Beschl\u00fcsse und akademisches Disziplinarrecht schnell geknebelt.<\/p>\n\n\n\n<div style=\"height:10px\" aria-hidden=\"true\" class=\"wp-block-spacer\"><\/div>\n\n\n\n<h2 class=\"wp-block-heading\">Tafeln <\/h2>\n\n\n\n<p><strong>Naturwissenschaftliche Revolution in Berlin<\/strong><br>Dr. Bloch und die Fische<\/p>\n\n\n\n<p><strong>Drei Lehrmeister f\u00fcr eine K\u00f6nigin<\/strong><br>Wie die Wissenschaft nach Berlin kam<\/p>\n\n\n\n<p><strong>Die Stadt wird &#8222;Gelehrtenrepublik&#8220;<\/strong><br>Friedrich Nicolai: Sein Gesch\u00e4ft ist Kritik<\/p>\n\n\n\n<p>&#8230;<\/p>\n<\/div>\n\n\n\n<div class=\"wp-block-column is-layout-flow wp-block-column-is-layout-flow\" style=\"flex-basis:33.33%\">\n<p class=\"has-text-align-right has-background has-small-font-size\" style=\"background-color:#e219a9\"><strong>1750\u20131850 <\/strong><br><a href=\"https:\/\/ini.hu-berlin.de\/hiskom\/1750-1850\/\" data-type=\"page\" data-id=\"192\">Von der Proto-Universit\u00e4t in den Vorm\u00e4rz<\/a><\/p>\n\n\n\n<p class=\"has-text-align-right has-background has-small-font-size\" style=\"background-color:#e319aa3b\"><strong>1848\u20131918<\/strong><br><a href=\"https:\/\/ini.hu-berlin.de\/hiskom\/1848-1918\/\" data-type=\"page\" data-id=\"195\">Von der Revolution von 1848 bis zum Ersten Weltkrieg<\/a><\/p>\n\n\n\n<p class=\"has-text-align-right has-background has-small-font-size\" style=\"background-color:#e319aa3b\"><strong>1918-1945<\/strong><br><a href=\"https:\/\/ini.hu-berlin.de\/hiskom\/1918-1945\/\" data-type=\"page\" data-id=\"199\">Novemberrevolution, Weimarer Republik und Nationalsozialismus<\/a><\/p>\n\n\n\n<p class=\"has-text-align-right has-background has-small-font-size\" style=\"background-color:#e319aa3b\"><strong>1945\u20132010<\/strong><br><a href=\"https:\/\/ini.hu-berlin.de\/hiskom\/1945-2010\/\" data-type=\"page\" data-id=\"202\">Auf dem Weg zum Ende der Geschichte<\/a><\/p>\n\n\n\n<p class=\"has-text-align-right has-background has-small-font-size\" style=\"background-color:#e319aa3b\"><strong>1810-2010<\/strong><br><a href=\"https:\/\/ini.hu-berlin.de\/hiskom\/gegenstaende-studentischer-intervention\/\" data-type=\"page\" data-id=\"205\">Gegenst\u00e4nde studentischer Intervention<\/a><\/p>\n\n\n\n<p class=\"has-text-align-right has-background has-small-font-size\" style=\"background-color:#e319aa3b\"><strong><strong>1810-2010<\/strong><\/strong><br><a href=\"https:\/\/ini.hu-berlin.de\/hiskom\/protest-bewegung-oeffentlichkeit\/\" data-type=\"page\" data-id=\"208\">Protest \u2013 Bewegung \u2013 \u00d6ffentlichkeit<\/a><\/p>\n\n\n\n<p><\/p>\n<\/div>\n<\/div>\n\n\n\n<p><\/p>\n","protected":false},"excerpt":{"rendered":"<p>Von der Proto-Universit\u00e4t in den Vorm\u00e4rz In der zweiten H\u00e4lfte des 18. Jahrhunderts steht Preu\u00dfen vor der Herausforderung, etablierte und strukturkonservative wissenschaftliche Institutionen wie Charit\u00e9 oder Akademie mit den offenen Diskussionen in den Salons der b\u00fcrgerlichen Aufkl\u00e4rung zusammenzuf\u00fchren. Mit der Gr\u00fcndung der Universit\u00e4t 1810 erh\u00e4lt Berlin zwar einen festen Ort f\u00fcr Lehre und Forschung, die&hellip;&nbsp;<a href=\"https:\/\/ini.hu-berlin.de\/hiskom\/1750-1850\/\" rel=\"bookmark\">Weiterlesen &raquo;<span class=\"screen-reader-text\">1750\u20131850<\/span><\/a><\/p>\n","protected":false},"author":1,"featured_media":0,"parent":0,"menu_order":0,"comment_status":"closed","ping_status":"closed","template":"","meta":{"neve_meta_sidebar":"full-width","neve_meta_container":"","neve_meta_enable_content_width":"on","neve_meta_content_width":100,"neve_meta_title_alignment":"","neve_meta_author_avatar":"","neve_post_elements_order":"","neve_meta_disable_header":"","neve_meta_disable_footer":"","neve_meta_disable_title":"","footnotes":""},"class_list":["post-192","page","type-page","status-publish","hentry"],"_links":{"self":[{"href":"https:\/\/ini.hu-berlin.de\/hiskom\/wp-json\/wp\/v2\/pages\/192","targetHints":{"allow":["GET"]}}],"collection":[{"href":"https:\/\/ini.hu-berlin.de\/hiskom\/wp-json\/wp\/v2\/pages"}],"about":[{"href":"https:\/\/ini.hu-berlin.de\/hiskom\/wp-json\/wp\/v2\/types\/page"}],"author":[{"embeddable":true,"href":"https:\/\/ini.hu-berlin.de\/hiskom\/wp-json\/wp\/v2\/users\/1"}],"replies":[{"embeddable":true,"href":"https:\/\/ini.hu-berlin.de\/hiskom\/wp-json\/wp\/v2\/comments?post=192"}],"version-history":[{"count":8,"href":"https:\/\/ini.hu-berlin.de\/hiskom\/wp-json\/wp\/v2\/pages\/192\/revisions"}],"predecessor-version":[{"id":1190,"href":"https:\/\/ini.hu-berlin.de\/hiskom\/wp-json\/wp\/v2\/pages\/192\/revisions\/1190"}],"wp:attachment":[{"href":"https:\/\/ini.hu-berlin.de\/hiskom\/wp-json\/wp\/v2\/media?parent=192"}],"curies":[{"name":"wp","href":"https:\/\/api.w.org\/{rel}","templated":true}]}}